se 5) in base 16?
3
Convert 0 (base 3) to base 12.
0
433 (base 5) to base 6
314
42 (base 10) to base 7
60
What is -456 (base 7) in base 4?
-3231
Convert -17 (base 11) to base 7.
-24
What is 110 (base 2) in base 11?
6
1 (base 4) to base 6
1
Convert b (base 13) to base 12.
b
2e (base 16) to base 12
3a
Convert 6 (base 10) to base 7.
6
Convert -1001010 (base 2) to base 14.
-54
Convert -1 (base 8) to base 3.
-1
Convert -5 (base 10) to base 7.
-5
What is -20020 (base 3) in base 4?
-2220
-3 (base 16) to base 13
-3
Convert -430 (base 6) to base 15.
-ac
Convert -2 (base 13) to base 11.
-2
Convert -5 (base 16) to base 7.
-5
0 (base 8) to base 9
0
Convert -20201 (base 3) to base 7.
-346
12 (base 9) to base 7
14
Convert 47 (base 8) to base 10.
39
What is -11 (base 2) in base 8?
-3
What is -7 (base 12) in base 5?
-12
What is -32 (base 15) in base 2?
-101111
Convert 5 (base 8) to base 9.
5
0 (base 8) to base 7
0
What is -68 (base 10) in base 15?
-48
Convert -35 (base 8) to base 6.
-45
63 (base 12) to base 6
203
Convert -1 (base 11) to base 7.
-1
-5 (base 16) to base 12
-5
Convert -3 (base 7) to base 16.
-3
Convert 6 (base 11) to base 7.
6
What is -11 (base 5) in base 3?
-20
What is 1 (base 11) in base 4?
1
Convert 5 (base 14) to base 6.
5
-7 (base 16) to base 8
-7
4 (base 10) to base 7
4
What is -3 (base 11) in base 2?
-11
-4 (base 8) to base 12
-4
-1 (base 2) to base 16
-1
What is 92 (base 13) in base 14?
87
What is 11 (base 3) in base 15?
4
-4 (base 16) to base 6
-4
Convert 1 (base 9) to base 10.
1
55 (base 9) to base 10
50
What is -231 (base 7) in base 15?
-80
Convert 3 (base 7) to base 10.
3
7 (base 8) to base 7
10
What is 11 (base 15) in base 10?
16
-c (base 16) to base 8
-14
What is 33 (base 15) in base 3?
1210
Convert 112 (base 5) to base 7.
44
What is -b (base 13) in base 5?
-21
-3 (base 15) to base 5
-3
1 (base 5) to base 6
1
Convert 255 (base 10) to base 16.
ff
Convert 154 (base 7) to base 10.
88
-11 (base 14) to base 7
-21
20 (base 3) to base 5
11
-4 (base 5) to base 4
-10
110010 (base 2) to base 14
38
What is 2 (base 12) in base 14?
2
Convert 7 (base 11) to base 7.
10
What is c (base 14) in base 10?
12
-56 (base 15) to base 9
-100
Convert 1111 (base 2) to base 15.
10
What is -117 (base 11) in base 4?
-2023
-121 (base 3) to base 12
-14
Convert -51 (base 10) to base 8.
-63
Convert -12 (base 6) to base 14.
-8
5 (base 9) to base 5
10
-10 (base 6) to base 5
-11
7 (base 14) to base 9
7
-68 (base 11) to base 5
-244
-163 (base 10) to base 15
-ad
What is -3 (base 10) in base 11?
-3
Convert 4 (base 5) to base 4.
10
-7 (base 11) to base 10
-7
-a (base 12) to base 8
-12
What is -17 (base 11) in base 9?
-20
2 (base 5) to base 15
2
Convert 1 (base 13) to base 8.
1
What is -25 (base 6) in base 11?
-16
Convert -50 (base 16) to base 6.
-212
What is -c (base 16) in base 7?
-15
What is -1010 (base 2) in base 5?
-20
-1 (base 8) to base 9
-1
5 (base 6) to base 12
5
Convert -3 (base 6) to base 7.
-3
What is 130 (base 4) in base 16?
1c
-452 (base 6) to base 8
-260
Convert -124 (base 7) to base 9.
-74
What is -13 (base 14) in base 3?
-122
Convert 0 (base 10) to base 12.
0
-11a (base 13) to base 4
-3000
What is -10 (base 6) in base 3?
-20
What is 72 (base 12) in base 14?
62
Convert -12102 (base 3) to base 12.
-102
128 (base 11) to base 2
10010111
Convert 353 (base 8) to base 13.
151
-1 (base 7) to base 9
-1
Convert -210 (base 3) to base 5.
-41
Convert 2b (base 12) to base 4.
203
What is 3 (base 16) in base 5?
3
Convert 40 (base 14) to base 16.
38
Convert -7 (base 10) to base 2.
-111
-3 (base 12) to base 10
-3
What is 43 (base 11) in base 8?
57
What is -48 (base 11) in base 16?
-34
-2 (base 7) to base 6
-2
Convert 0 (base 9) to base 13.
0
21 (base 5) to base 11
10
Convert 7 (base 15) to base 4.
13
1b8 (base 12) to base 8
434
What is -10001 (base 2) in base 9?
-18
What is -2 (base 10) in base 8?
-2
249 (base 10) to base 11
207
110 (base 5) to base 6
50
What is 101 (base 5) in base 13?
20
What is -2e (base 15) in base 14?
-32
3 (base 16) to base 8
3
Convert 0 (base 11) to base 13.
0
What is 0 (base 2) in base 12?
0
Convert -8 (base 9) to base 11.
-8
What is 10 (base 2) in base 12?
2
42 (base 5) to base 11
20
Convert 14 (base 15) to base 4.
103
What is 22 (base 14) in base 8?
36
Convert -341 (base 8) to base 5.
-1400
What is -59 (base 13) in base 9?
-82
Convert 5c (base 16) to base 3.
10102
What is -2 (base 10) in base 14?
-2
What is 1 (base 13) in base 14?
1
Convert -2002 (base 3) to base 9.
-62
Convert 13 (base 12) to base 4.
33
121 (base 7) to base 3
2101
Convert 102 (base 3) to base 12.
b
What is 2 (base 13) in base 7?
2
What is 77 (base 8) in base 14?
47
-110001 (base 2) to base 7
-100
What is 0 (base 5) in base 16?
0
Convert -3a (base 16) to base 10.
-58
-2 (base 3) to base 12
-2
Convert -21 (base 5) to base 14.
-b
What is -2 (base 5) in base 9?
-2
-89 (base 13) to base 5
-423
Convert -1302 (base 5) to base 7.
-406
Convert 100 (base 4) to base 5.
31
Convert 17 (base 8) to base 15.
10
Convert 12a (base 12) to base 9.
217
-43 (base 5) to base 16
-17
-2c (base 14) to base 3
-1111
Convert 2 (base 5) to base 8.
2
Convert -1223 (base 5) to base 10.
-188
Convert 130 (base 6) to base 2.
110110
What is 1 (base 2) in base 6?
1
What is -150 (base 13) in base 7?
-453
What is 2 (base 14) in base 4?
2
Convert 17 (base 11) to base 5.
33
What is 3 (base 16) in base 9?
3
0 (base 14) to base 6
0
47 (base 13) to base 10
59
What is 1012 (base 4) in base 8?
106
5 (base 9) to base 5
10
Convert 1000 (base 2) to base 9.
8
-11 (base 11) to base 2
-1100
Convert -56 (base 11) to base 4.
-331
What is -127 (base 8) in base 16?
-57
-7 (base 10) to base 5
-12
223 (base 4) to base 14
31
What is 1 (base 12) in base 3?
1
Convert 11010 (base 2) to base 11.
24
What is 60 (base 15) in base 16?
5a
-253 (base 7) to base 10
-136
-11 (base 7) to base 10
-8
Convert 7 (base 11) to base 9.
7
Convert 4 (base 15) to base 13.
4
312 (base 5) to base 2
1010010
Convert 5 (base 6) to base 3.
12
Convert 6 (base 10) to base 11.
6
-10 (base 3) to base 10
-3
What is 4 (base 13) in base 8?
4
What is 23 (base 4) in base 7?
14
-11 (base 14) to base 6
-23
What is 47 (base 10) in base 12?
3b
What is 1012 (base 3) in base 2?
100000
Convert 1 (base 11) to base 10.
1
What is 107 (base 9) in base 12?
74
What is 23 (base 10) in base 7?
32
-23 (base 4) to base 14
-b
What is -10 (base 3) in base 10?
-3
Convert 1 (base 4) to base 6.
1
Convert -1 (base 4) to base 7.
-1
What is -1 (base 5) in base 13?
-1
-41 (base 6) to base 9
-27
What is -11 (base 11) in base 3?
-110
7 (base 12) to base 13
7
Convert -6 (base 16) to base 5.
-11
Convert 22 (base 7) to base 6.
24
Convert 0 (base 3) to base 16.
0
What is -10110001 (base 2) in base 4?
-2301
82 (base 13) to base 4
1222
What is -2021 (base 3) in base 2?
-111101
What is 6 (base 12) in base 6?
10
Convert -232 (base 10) to base 8.
-350
What is 474 (base 9) in base 6?
1451
What is -89 (base 16) in base 7?
-254
Convert 4 (base 14) to base 10.
4
Convert -14 (base 10) to base 5.
-24
What is 92 (base 10) in base 7?
161
-1e (base 15) to base 4
-131
Convert 2 (base 14) to base 2.
10
102 (base 3) to base 12
b
-20 (base 5) to base 15
-a
Convert -120 (base 3) to base 9.
-16
What is -180 (base 11) in base 15?
-de
What is -4 (base 12) in base 16?
-4
Convert 4 (base 15) to base 10.
4
What is -2320 (base 4) in base 3?
-20211
-2 (base 6) to base 2
-10
Convert -6 (base 10) to base 7.
-6
124 (base 5) to base 12
33
Convert 1 (base 15) to base 10.
1
Convert -2 (base 3) to base 6.
-2
Convert 1 (base 6) to base 11.
1
3 (base 9) to base 15
3
What is 1d (base 16) in base 5?
104
What is 20 (base 3) in base 12?
6
Convert -ba (base 15) to base 7.
-340
What is -2 (base 5) in base 15?
-2
Convert 140 (base 6) to base 11.
55
Convert 282 (base 10) to base 7.
552
-2 (base 12) to base 9
-2
12 (base 7) to base 3
100
What is -7 (base 16) in base 6?
-11
Convert 2 (base 6) to base 10.
2
2 (base 11) to base 16
2
What is -1 (base 2) in base 9?
-1
11 (base 6) to base 4
13
What is 23 (base 15) in base 8?
41
Convert 3 (base 15) to base 9.
3
-107 (base 11) to base 13
-9b
-3 (base 7) to base 8
-3
2100 (base 3) to base 6
143
27 (base 10) to base 16
1b
Convert -5 (base 12) to base 5.
-10
Convert 156 (base 8) to base 10.
110
What is 8b 